hen 1596454 is divided by 1596414?
40
What is the remainder when 2998183 is divided by 3156?
3139
Calculate the remainder when 354831490 is divided by 4048.
2
Calculate the remainder when 26207 is divided by 1452.
71
Calculate the remainder when 12917746 is divided by 187.
160
What is the remainder when 124006214 is divided by 313?
309
What is the remainder when 45754 is divided by 14706?
1636
What is the remainder when 4770671 is divided by 273?
269
Calculate the remainder when 591951 is divided by 192.
15
What is the remainder when 2985735 is divided by 6032?
5927
What is the remainder when 13313649 is divided by 3328409?
13
Calculate the remainder when 952305 is divided by 158717.
3
What is the remainder when 516901 is divided by 516885?
16
What is the remainder when 245207057 is divided by 14?
11
Calculate the remainder when 744868 is divided by 24827.
58
Calculate the remainder when 1457636 is divided by 216.
68
Calculate the remainder when 5817062 is divided by 34218.
2
Calculate the remainder when 3904151 is divided by 229652.
67
What is the remainder when 109306 is divided by 109227?
79
What is the remainder when 2165596 is divided by 1898?
1876
What is the remainder when 4508137 is divided by 597?
190
What is the remainder when 159642 is divided by 51727?
4461
Calculate the remainder when 527886 is divided by 4851.
3978
What is the remainder when 193438 is divided by 61895?
7753
What is the remainder when 67542518 is divided by 823689?
20
What is the remainder when 3124329 is divided by 74383?
243
What is the remainder when 16633 is divided by 5542?
7
Calculate the remainder when 2304473 is divided by 135556.
21
What is the remainder when 54592774 is divided by 27296383?
8
What is the remainder when 1600826 is divided by 1482?
266
Calculate the remainder when 278303 is divided by 1257.
506
Calculate the remainder when 756009 is divided by 15750.
9
What is the remainder when 11078315 is divided by 30945?
5
What is the remainder when 123045022 is divided by 96?
94
What is the remainder when 741092 is divided by 72?
68
What is the remainder when 569631 is divided by 73?
12
Calculate the remainder when 139811 is divided by 1728.
1571
What is the remainder when 20706 is divided by 4327?
3398
Calculate the remainder when 194435995 is divided by 64811994.
13
What is the remainder when 859387 is divided by 35?
32
Calculate the remainder when 5603725 is divided by 135.
10
What is the remainder when 7292007 is divided by 602?
583
Calculate the remainder when 1256648 is divided by 7852.
328
Calculate the remainder when 26836603 is divided by 1789103.
58
Calculate the remainder when 54025 is divided by 69.
67
Calculate the remainder when 14174651 is divided by 1090357.
10
Calculate the remainder when 1198761 is divided by 804.
801
What is the remainder when 1075204182 is divided by 9037?
9033
Calculate the remainder when 134332 is divided by 2622.
610
Calculate the remainder when 160131 is divided by 53338.
117
What is the remainder when 2132020 is divided by 710480?
580
Calculate the remainder when 3688388 is divided by 3166.
3164
Calculate the remainder when 888559 is divided by 80775.
34
What is the remainder when 484990 is divided by 2235?
2230
What is the remainder when 486087011 is divided by 565?
561
What is the remainder when 3543269 is divided by 199?
74
What is the remainder when 326561 is divided by 81629?
45
What is the remainder when 7623842 is divided by 1934?
14
Calculate the remainder when 368416 is divided by 19.
6
Calculate the remainder when 3153377 is divided by 1375.
502
Calculate the remainder when 22051046 is divided by 87.
26
What is the remainder when 54455 is divided by 845?
375
Calculate the remainder when 71946 is divided by 62.
26
What is the remainder when 289173983 is divided by 32?
31
What is the remainder when 111197 is divided by 7936?
93
What is the remainder when 156499 is divided by 1277?
705
Calculate the remainder when 3307898 is divided by 68913.
74
Calculate the remainder when 1434487 is divided by 24303.
610
What is the remainder when 721488 is divided by 293?
122
What is the remainder when 9191310 is divided by 59?
54
What is the remainder when 30619740 is divided by 1113?
1110
What is the remainder when 2657102 is divided by 885651?
149
What is the remainder when 34201 is divided by 842?
521
Calculate the remainder when 81577 is divided by 40514.
549
What is the remainder when 448794 is divided by 1348?
1258
Calculate the remainder when 165840301 is divided by 55280100.
1
Calculate the remainder when 11690 is divided by 10587.
1103
Calculate the remainder when 5929062 is divided by 33.
18
What is the remainder when 128144 is divided by 7116?
56
Calculate the remainder when 2597334 is divided by 36.
6
What is the remainder when 41453980 is divided by 3768543?
7
What is the remainder when 486312 is divided by 486238?
74
Calculate the remainder when 21183 is divided by 3203.
1965
Calculate the remainder when 43647 is divided by 43292.
355
What is the remainder when 41801458 is divided by 5?
3
Calculate the remainder when 47019683 is divided by 47019676.
7
Calculate the remainder when 4818948 is divided by 74137.
43
What is the remainder when 1103817 is divided by 517?
22
Calculate the remainder when 78223887 is divided by 10.
7
What is the remainder when 66139 is divided by 174?
19
Calculate the remainder when 413471 is divided by 122.
13
Calculate the remainder when 10179 is divided by 613.
371
What is the remainder when 957931 is divided by 957902?
29
What is the remainder when 733809 is divided by 8245?
4
What is the remainder when 3537208 is divided by 13?
12
Calculate the remainder when 963230 is divided by 1062.
1058
Calculate the remainder when 60399391 is divided by 271.
266
Calculate the remainder when 10047884 is divided by 118.
66
What is the remainder when 209717 is divided by 52396?
133
Calculate the remainder when 11758421 is divided by 26.
25
What is the remainder when 283046 is divided by 16625?
421
What is the remainder when 1676152 is divided by 1735?
142
What is the remainder when 5718468 is divided by 114?
0
What is the remainder when 91443 is divided by 30391?
270
What is the remainder when 239488 is divided by 35?
18
What is the remainder when 33412209 is divided by 2421?
2409
What is the remainder when 242458 is divided by 218?
42
What is the remainder when 7330543 is divided by 2710?
2703
Calculate the remainder when 1201949 is divided by 489.
476
What is the remainder when 242676 is divided by 8?
4
What is the remainder when 147782 is divided by 17467?
8046
What is the remainder when 2452633 is divided by 817537?
22
Calculate the remainder when 77501119 is divided by 82.
49
Calculate the remainder when 1827395 is divided by 942.
857
What is the remainder when 3447800 is divided by 1149020?
740
What is the remainder when 303320629 is divided by 85?
84
What is the remainder when 394200 is divided by 196941?
318
Calculate the remainder when 3454905 is divided by 1760.
25
What is the remainder when 92604038 is divided by 2360?
2358
What is the remainder when 3293056 is divided by 37?
19
Calculate the remainder when 23176767 is divided by 4042.
3981
What is the remainder when 5348203 is divided by 40516?
91
Calculate the remainder when 41541 is divided by 68.
61
What is the remainder when 513252 is divided by 14443?
7747
Calculate the remainder when 1770077 is divided by 20114.
45
What is the remainder when 3415980 is divided by 426986?
92
What is the remainder when 11897395 is divided by 701?
23
Calculate the remainder when 19567307 is divided by 278.
277
What is the remainder when 49778733 is divided by 70?
53
What is the remainder when 6662866 is divided by 16997?
42
Calculate the remainder when 65784294 is divided by 55.
4
What is the remainder when 564367 is divided by 525?
517
What is the remainder when 116678010 is divided by 351?
345
What is the remainder when 358225 is divided by 71349?
1480
Calculate the remainder when 133775 is divided by 66858.
59
Calculate the remainder when 183245 is divided by 944.
109
What is the remainder when 320737 is divided by 21?
4
Calculate the remainder when 59246 is divided by 2451.
422
Calculate the remainder when 1499299 is divided by 234